 5*z = 90. List the prime factors of l.
5, 17
Suppose -2242*s + 238112 = -2214*s. What are the prime factors of s?
2, 1063
Suppose 0*o + 17*o - 19805 = 0. Suppose -3*s + 3519 = 2*h + h, -h + s = -o. What are the prime factors of h?
7, 167
Let m(s) = -9*s + 24. Let c be (1*34*1)/((-22)/11). Let d be m(c). Suppose -z = h - d, -2*h + 5*z + 319 = -0. List the prime factors of h.
2, 43
Let x = 55027 - 36911. What are the prime factors of x?
2, 7, 647
Let n = 4 - -4. Suppose -11*j + n*j + 15 = 0. Suppose -4*i - 60 = -j*u, -2 = -u - 5*i - 19. List the prime factors of u.
2
Suppose -19*h = -41*h + 314666. What are the prime factors of h?
14303
Let g be 217/5 + 8/(-20). Let q = g - 39. Suppose -c = 2*l - q*l + 191, -l + 118 = -5*c. List the prime factors of l.
3, 31
Let q(o) = 2*o - 20. Let a be q(11). Suppose a*m = 4*l - 340, 564 - 64 = -3*m + 4*l. Let w = m - -246. What are the prime factors of w?
2, 43
Let h(c) = -6381*c + 8. What are the prime factors of h(-1)?
6389
Let x(r) = -9*r + 288. Let n be x(-52). Suppose 3*l + t = 2*t + 2204, l = -5*t + n. List the prime factors of l.
2, 23
Let k(p) = -p**2 + 4*p + 1. Let t be k(3). Let c(i) = -t*i + 9*i + 10 + 0. List the prime factors of c(2).
2, 5
Let v(c) = c**2 - 8*c - 1. Let z be v(6). Let k = z + -1. List the prime factors of (((-42)/6)/k)/((-1)/(-324)).
2, 3
Suppose 428 = -11*j + 1924. Let b = -10 + 15. What are the prime factors of 3/6*j/(b + -3)?
2, 17
Let v(y) = 3*y - 14 + y + 877*y**3 - 3*y**2 - 872*y**3. Let f be v(5). Let k = 840 - f. What are the prime factors of k?
2, 71
Let b(c) = c**3 - 14*c**2 - 5*c + 37. Let z be b(16). Let k = -78 + z. What are the prime factors of k?
17, 23
Let n(b) = b**3 - 22*b**2 - 21*b + 11. Let v be n(23). Suppose -v*x + 64*x - 2093 = 0. List the prime factors of x.
13, 23
List the prime factors of 4 - (2 + -5243 + 12/(-24)*2).
2, 43, 61
What are the prime factors of 22176/(-3024)*(2615/(-2) - -1)?
11, 13, 67
Let b = 3 - 15. Let g = 14 + b. Suppose -5*i = z - 10 - 11, i + g*z + 3 = 0. List the prime factors of i.
5
Let a(g) = 7*g**3 - 8*g**2 + g + 30. What are the prime factors of a(6)?
2, 3, 5, 7
Suppose -577 = 2*i + 199. Let o(s) = -8*s - 26. Let x be o(9). What are the prime factors of (-2)/(i/x + -4)?
7
Let a = 202 - 112. Let l = -63 + a. Suppose 0 = 5*k - 13 - l. List the prime factors of k.
2
Let j(b) = b**2 + b. Let q(k) = 5*k**2 + 9. Let g(h) = -2*j(h) + q(h). List the prime factors of g(-6).
3, 43
Suppose 5*g + 39*t - 162105 = 43*t, -g + 4*t + 32437 = 0. What are the prime factors of g?
7, 11, 421
List the prime factors of -18612*(-1)/(-4 - -7).
2, 3, 11, 47
Let o be ((-1)/(-3))/((-2)/30). Let t = 4 + o. List the prime factors of (85/(-51))/(t/42).
2, 5, 7
Let o(x) = 2*x**3 - 44*x**2 + 278*x - 12. List the prime factors of o(9).
2, 3
Suppose 0 = 4*a - 126 + 18. Let k be (-4)/(-8) - a/(-6). Suppose -5*s = -3*d - 248, k*d + 4 + 1 = 0. List the prime factors of s.
7
Let t be 147/6 + 5/10. Let z be 8/(-2) + t + 15. Suppose 0 = -7*u + 11*u - z. List the prime factors of u.
3
Suppose -4*s + 4*q + 1212 = 0, -4*q + 1000 - 112 = 3*s. Let t = s - 166. List the prime factors of t.
2, 67
Suppose 5*h + 31*j - 30*j = 7, 13 = 2*h - 3*j. What are the prime factors of h*1572/8*1?
3, 131
Let p(q) = -596*q + 189. List the prime factors of p(-7).
7, 89
Suppose -l = -3*j + 4*j - 8702, 3*l - 3*j = 26118. List the prime factors of l.
2, 17
Let r(p) = p - 2*p + 7*p**2 - 3*p - 3*p**2 + 13 - 4*p. What are the prime factors of r(-10)?
17, 29
Let c(s) = 60*s - 172. Let d be c(8). Suppose 2*t + 2170 = 7*t. Let f = t - d. List the prime factors of f.
2, 3, 7
Suppose -r = -3*f - 20, 5*f = -1 - 24. Suppose -5*q + q - r*d + 760 = 0, -5*d = -q + 190. What are the prime factors of q?
2, 5, 19
Let w(q) = -4*q - 2. Let a(j) = -j**3 - 2*j**2 - 7*j - 1. Let r be a(-3). Let x = r + -32. List the prime factors of w(x).
2, 5
Let n(v) = 153*v - 960. List the prime factors of n(17).
3, 547
Suppose 5*w + 399 = -111. Let h = 471 + w. List the prime factors of h.
3, 41
Suppose -5*a + 13501 = 2*x, 3*x - 4093 = -2*a + 1303. What are the prime factors of a?
37, 73
List the prime factors of (-35260)/(-12) + ((-368)/69 - (2 - 7)).
2, 13, 113
Let f(l) = -4*l + 116. Let a be f(28). Suppose 0 = -a*r - j + 6659, 2*r = 2*j - 6*j + 3326. What are the prime factors of r?
3, 5, 37
Let o(l) = l**3 - 10*l**2 + 12*l + 2. Let z be o(2). Let j(n) = 11 + 6 - 4*n - 22*n. What are the prime factors of j(z)?
173
Let m = -170 + 175. Let r(z) = 4*z**3 - 6*z**2 + 12*z - 2. List the prime factors of r(m).
2, 3, 17
Suppose -8*v - 1150 = -33*v. Suppose -v*z + 22323 = -3391. List the prime factors of z.
13, 43
Suppose 11*d = 8*d - 21. Let n(p) = -2*p**3 + 4*p**2 + 17*p + 80. List the prime factors of n(d).
3, 281
Suppose -2*h = -1 - 5, 5*r - 1866 = 3*h. Suppose -r*m = -386*m + 16423. List the prime factors of m.
1493
Let b(h) = -64*h**2 - 20*h - 1. Let k be b(-4). Let o = -494 - k. List the prime factors of o.
11, 41
Let g = 55 - 53. Suppose q - 10 = -7. Suppose -185 = -q*t - g*t. List the prime factors of t.
37
Let d = 9886 + -9100. List the prime factors of d.
2, 3, 131
Let o(b) = b**2 + 17*b - 16. Let q be o(-19). Suppose q*g - 1185 = 2753. What are the prime factors of g?
179
What are the prime factors of (-5865)/30*-152 - -1?
29717
Suppose -13*g + 0*g = -65. Suppose -5*a - 2*x = x + 5, 0 = -g*a - x - 15. Let o(c) = -37*c - 10. What are the prime factors of o(a)?
2, 3, 23
Suppose 2*h - 4*u - 10 = 0, h - 3*u = -h + 11. Let n(t) = -6 - 7 + 4 - 51*t**2 + 53*t**2. What are the prime factors of n(h)?
89
Suppose 85 = 5*p - 140. Let i = p + -41. Suppose -942 = -i*m - 0*m + 2*u, -5*m - 5*u + 1155 = 0. What are the prime factors of m?
2, 3, 13
Suppose 330*n - 1075301 + 1492008 = 6564277. List the prime factors of n.
13, 1433
Suppose -130 = 23*o - 33*o. Suppose 0 = -o*y + 2964 + 585. What are the prime factors of y?
3, 7, 13
Let h = -523 - -528. Suppose -2*x = h*c - 4*x - 6373, -c = 3*x - 1261. What are the prime factors of c?
19, 67
Suppose -7392 = -24*k + 16*k. Suppose -5*a + m = -k - 479, 0 = 4*a + 4*m - 1132. What are the prime factors of a?
281
Suppose 4*p = 0, -25*j + 709 = -26*j - 5*p + 3283. What are the prime factors of j?
2, 3, 11, 13
Suppose 4*h + 33808 = -149*p + 152*p, -p + 11301 = 5*h. What are the prime factors of p?
2, 2819
Let o(i) = 6*i + 86. Let j be o(-27). Let a = j + 157. List the prime factors of a.
3
Let a be -5 - -1*128/(-4). Let h = a + 11. Let r = h - -90. What are the prime factors of r?
2
Suppose -3*j + 3*d = -48839 + 10145, 0 = j + 3*d - 12922. List the prime factors of j.
2, 1613
Let b(j) = -5865*j - 2048. What are the prime factors of b(-4)?
2, 53, 101
Let f(j) = -j**2 + 13*j - 38. Let z be f(6). Suppose 3*g - z*m - 1181 = 551, 0 = 4*g - 5*m - 2308. List the prime factors of g.
2, 11, 13
Let n = -66761 - -94897. What are the prime factors of n?
2, 3517
Let s be (4 - -1)/10*2*62. Suppose -450 + s = -4*t. Suppose -f = -t + 22. List the prime factors of f.
3, 5
Let z be 2*(62/28 - (-2)/7). Suppose 6*w = 4*p + z*w - 4848, -4*w = -p + 1227. List the prime factors of p.
7, 173
Suppose -4*c - 1 - 63 = 0. Let f be (-638)/c + 5/40. What are the prime factors of f/(((-18)/(-3))/3)?
2, 5
Let p = 148 - -67. Let q = 451 - 90. Let h = q - p. What are the prime factors of h?
2, 73
Let c = 1 + 3. Suppose c*d + 0*d = -20. What are the prime factors of (29 - 20/d) + 4?
37
Suppose 92 = 65*b - 88*b. Let q(n) be the third derivative of 13*n**5/60 + 7*n**4/24 + 5*n**3/3 - 2*n**2. List the prime factors of q(b).
2, 5, 19
Suppose 0 = 80*h - 77*h - 3372. Suppose 12*b + h = 16*b. What are the prime factors of b?
281
Suppose 14*q + 72 = 5*q. Let r(s) = -3*s**3 - 13*s**2 + 7*s + 55. List the prime factors of r(q).
19, 37
Suppose 6*n = n + 2*r + 5372, 3*n - 3248 = -5*r. Suppose n = 5*g + 216. Let y = -64 + g. What are the prime factors of y?
2, 3
Let v = 22245 + -6513. List the prime factors of v.
2, 3, 19, 23
Let k(t) be the second derivative of -1/2*t**2 - 5*t + 1/3*t**3 + 0 + 1/4*t**4 - 1/4*t**5. What are the prime factors of k(-2)?
47
Let u be -1 + -7 + 3/1. Let r(n) be the second derivative of n**5/20 + n**4/2 - n**3/6 + 5*n**2/2 - 33*n. List the prime factors of r(u).
5, 7
Let o(m) = -2*m**3 - 11*m**2 - 21*m + 29. Let j 